the prime factors of m(-46).
3, 10513
Let i = -18312 + 34213. What are the prime factors of i?
15901
Let q be (-12 - -15) + 11 + 1 + 1. Suppose 0 = q*l - 1146 - 454. What are the prime factors of l?
2, 5
Suppose m - 24*m + 253 = 0. Suppose -m*l = -2616 + 207. What are the prime factors of l?
3, 73
Let v be -1 + -4 + 19468/(7 - 3). List the prime factors of 7/63*-3 + v/6.
2, 3, 5
Suppose 10*s = 9*s - 1. Let r be s/(-2) - (-2)/(-4). Suppose r = 3*k - 453 + 18. What are the prime factors of k?
5, 29
Suppose -20*h + 59 + 21 = 0. Suppose 3*u + q = -2*u + 539, h*q = 4*u - 412. List the prime factors of u.
107
Let k be -1 + 6 + ((-42)/(-7))/(-6). Suppose -4*f - 5*q + 6152 = -0*f, k*q = -3*f + 4613. List the prime factors of f.
1543
Let l(p) = -2*p**2 + 4*p - 15440. Let y be l(0). List the prime factors of ((-10)/6)/1 + y/(-30).
3, 19
Suppose -g = a - 292, -9*a - 1168 = -4*g - 4*a. Suppose -j - g = -873. List the prime factors of j.
7, 83
Let r(o) = 204*o + 1021. What are the prime factors of r(50)?
7, 229
Suppose -7*o + 2080 + 55 = 0. Let d = o - -582. What are the prime factors of d?
887
List the prime factors of ((-4)/9 + 154122965/(-387))/(-7).
56893
Suppose t + 74 = -16*q + 11*q, 3*t - 63 = 4*q. Let v(j) = 7*j**2 + 28*j + 68. List the prime factors of v(q).
1223
Let x(w) = 2*w**2 + 15*w - 39. Let a be x(-19). Let d = -201 + a. What are the prime factors of d?
197
Suppose -25 = 5*v - 2*q + 9, -4*q - 12 = 0. What are the prime factors of (4*-14 - 4)*34/v?
3, 5, 17
Let m(a) = 17*a**2 - 11*a - 13. Let p be m(-6). Let v = 1686 - p. List the prime factors of v.
1021
Let c = 477 + -472. Let s = 281 - 102. What are the prime factors of -2 - (1 - s) - c?
3, 19
Let h(a) = a**2 + 8*a + 9. Let p(n) = 2*n**2 + 2*n - 6. Let d be p(-3). Suppose -2*i - 2*g - 2 - d = 0, 0 = -i - 5*g + 16. What are the prime factors of h(i)?
2, 3
Let a(d) = -d**2 + 6*d + 11. Let y be a(7). Suppose -2*v + y*l = -294, l + 177 = v + 5*l. Let g = v + 0. What are the prime factors of g?
157
Let l be 21778/(-20) + (-7)/70. Let u = l + 1912. What are the prime factors of u?
823
Let h = 54 + -78. Let m = h - -30. Suppose 3*a - m = -0*a, -2*a - 216 = -5*c. What are the prime factors of c?
2, 11
What are the prime factors of 3/(-54)*4 + (-709342)/(-153)?
2, 19, 61
Let l(y) = 123*y + 338. List the prime factors of l(3).
7, 101
Let y = -26985 - -73405. What are the prime factors of y?
2, 5, 11, 211
Let v(b) = -b + 1. Let l(f) = 31. Let a(u) = l(u) - 2*v(u). Let o(p) = 4*p + 57. Let y(i) = 7*a(i) - 3*o(i). List the prime factors of y(-14).
2
Let d(p) = -1 - 14*p + 4 + 11*p**2 + 5 + 3 + 0. What are the prime factors of d(9)?
2, 97
Suppose -7 = -b + s, -b + 2 = 2*s + 10. Suppose -b*y + 28 = -4*y. What are the prime factors of 1040/18 - y/63?
2, 29
Suppose 4766*r = 4753*r + 134888. List the prime factors of r.
2, 1297
Suppose -7*k = -20566 - 21532. List the prime factors of k.
2, 31, 97
Let p = 12 - 12. Suppose p = w - b - 839, -w + 882 = 4*b + 68. What are the prime factors of w?
2, 3, 139
Let n be 15/(-3) - (-2 + -3) - -8. List the prime factors of (-21)/((-56)/n) - -369*1.
2, 3, 31
Suppose 8*x - 3*x + 95 = 0. Let z = -43 + x. Let q = -41 - z. What are the prime factors of q?
3, 7
Let z = 54484 + -32152. What are the prime factors of z?
2, 3, 1861
Let x = 41529 + -23339. What are the prime factors of x?
2, 5, 17, 107
Let s(g) = 4*g**2 - 4*g + 4. Let i be s(4). Suppose -15*b + 51 = 21. Let d = i - b. What are the prime factors of d?
2, 5
Let y(w) = 514*w + 7024. List the prime factors of y(41).
2, 3, 7, 223
Suppose v - 4 + 5 = 0. Let f(h) = -186*h**2 - 3*h - 2. Let m be f(v). Let c = -105 - m. What are the prime factors of c?
2, 5
Let l(u) = -22*u**3 + 20*u**2 + 35*u - 40. What are the prime factors of l(-6)?
2, 7, 373
Suppose 1 = -4*l - 2*q - 1, 2*l - q = 1. Suppose l = 5*z - 20. Suppose 5*u - c = 230, u + 4*c = -z*u + 205. What are the prime factors of u?
3, 5
Suppose -1 = 3*l - 10. Suppose -4*b + 72 + 694 = p, 0 = 2*b + l*p - 378. Suppose -20*y = -17*y - b. What are the prime factors of y?
2
Suppose -n - 148 = 5*v, 4*v + 2*n = -0*n - 116. Let g be (-150)/3*1/(7/(-35)). Let q = g + v. List the prime factors of q.
2, 5, 11
Let v(k) = -2*k + 3170. Let p be v(0). Let s = -1233 + p. Suppose 7*n = -6*n + s. What are the prime factors of n?
149
Let z(n) = -n**2 + 4*n + 26. Let j be z(-4). Let u(a) = -14*a + 86. List the prime factors of u(j).
2, 5, 17
Suppose -14*b = 45*b + 8873 - 1337494. What are the prime factors of b?
7, 3217
Let h(b) be the first derivative of -10*b**2 - 45*b - 73. List the prime factors of h(-9).
3, 5
Suppose 127*k - 2796624 - 4308772 = 0. List the prime factors of k.
2, 71, 197
Suppose -3*o - 4*f = -5704 - 5543, -15034 = -4*o + f. What are the prime factors of o?
13, 17
Let z = -2171 + 3210. Let f = -711 + z. Suppose -4*w + f = -0*w. List the prime factors of w.
2, 41
Let o(d) = -d**3 - 7*d**2 + 4*d + 7. Let r be o(-7). Let q = r - -18. What are the prime factors of (67 + q)/(1/4)?
2
List the prime factors of ((-92)/144 - (-1)/(-9))/(1/(-3852)).
3, 107
Let d(o) = -o**3 + 133*o**2 + 1151*o + 747. What are the prime factors of d(141)?
2, 3, 5, 7, 19
Let z be (-1)/(1 + 0 + 0). Let w be (-2 + 2 - z) + 11*16. Let h = 249 - w. List the prime factors of h.
2, 3
Let b = 1724 + -2624. Let n = 942 + b. List the prime factors of n.
2, 3, 7
Let g be ((-168)/(-196))/(1/35). Suppose 0 = -6*n - 12 + g. List the prime factors of n.
3
Suppose 5*d = -5*j + 161990, 32410 = -10*d + 11*d + 3*j. What are the prime factors of d?
2, 4049
Suppose 36*u - 6*u = -127320. List the prime factors of u/(-18) + ((-132)/(-54))/11.
2, 59
Suppose -53 - 4 = -3*s. Let y = 104 + s. List the prime factors of y.
3, 41
Let d = 22 - 22. Let l(u) = -u**2 + 7*u - 84. Let o(b) = 3*b**2 - 20*b + 252. Let c(r) = 17*l(r) + 6*o(r). What are the prime factors of c(d)?
2, 3, 7
Suppose 3*r + 1 - 7 = 0. Suppose -3*n = 3*g - 21, -2*n + 0 = -4*g - r. Suppose g*j - 933 = -5*b - 118, -2*b + 326 = -4*j. What are the prime factors of b?
163
List the prime factors of 2/((-81245)/(-13540) - 6).
2, 677
Suppose 2*i - 8*i = 828. Let v = -131 - i. Suppose d = v*d - 1044. List the prime factors of d.
2, 3, 29
Suppose -7*o + 6*o - 3*b = -1946, -4*o - b + 7729 = 0. What are the prime factors of o?
1931
Suppose 2*u - 4*a - 155 = 483, 0 = -5*a. Let x = u + -98. What are the prime factors of x?
13, 17
Suppose -134 = -6*s - 20. Suppose 15*i - s = 14*i. Suppose 0 = -11*p + i*p - 992. What are the prime factors of p?
2, 31
Let k be (-551)/(-58)*(-1 - -267). Suppose 169*q = 162*q + k. What are the prime factors of q?
19
Let i(b) be the second derivative of 13*b**3/2 + 20*b**2 - 43*b. What are the prime factors of i(28)?
2, 283
Let u(v) = 239*v**2 - 66*v - 229. What are the prime factors of u(-16)?
62011
Suppose -3*h + 156 = 49*h. Suppose 2*k - 2383 = -h*b, 86*k - b = 90*k - 4791. What are the prime factors of k?
11, 109
Suppose 2*f + 1 - 6 = 5*s, -3*s - 3 = -3*f. Let r be (-2)/(-3)*(s - -13). Let n(b) = 6*b + 18. What are the prime factors of n(r)?
2, 3, 11
Let a(k) = -8*k + 56. Let o be a(7). Suppose 7*u - 162 - 650 = o. List the prime factors of u.
2, 29
Suppose 12195 = 105*j - 102*j. Suppose 3*n = -2*c + 5*c + j, -2*n + c + 2710 = 0. List the prime factors of n.
5, 271
Let a = -682 + 686. Suppose -a*s - 1839 = 5*g - 6778, -g + 3696 = 3*s. What are the prime factors of s?
1231
Suppose -8*n - 13560 = -40888. What are the prime factors of n?
2, 7, 61
Let k(s) = 138*s**2 + 4*s + 89. List the prime factors of k(-16).
35353
Let d be 22 - 23 - (0 + -6). Suppose h - o = 2*o + 222, -2*h - d*o = -499. What are the prime factors of h?
3, 79
Suppose 4*r = 223 - 203. Suppose 0 = r*f - 904 + 329. What are the prime factors of f?
5, 23
Suppose 5*v - 7*s + 3*s = 7219, 1442 = v + s. Suppose 11*f + 277 - v = 0. Let o = 148 - f. What are the prime factors of o?
2, 3, 7
List the prime factors of (-89 + 94)/((-5)/(-4568)).
2, 571
Let k(f) = -580*f**2 + 4*f - 1. Let l be k(1). Let d = -18 - l. What are the prime factors of d?
13, 43
Let w(n) = -n**3 - n**2 + 4*n - 5. Let h be 59/(-19) - (-20)/190. Let v be w(h). What are the prime factors of v/4 - 441/(-12)?
37
Let m(h) = -2885*h - 70. What are the prime factors of m(-3)?
5, 17, 101
Let h be 6/15*(-1)/(2/(-10)). S